= 3*w + 4*u - 54. Calculate the remainder when (-10)/w + 704/14 is divided by 17.
16
Let b = -16 + -8. Let o = b - -29. Calculate the remainder when 12 is divided by o.
2
Let a = 1060 - 641. What is the remainder when a is divided by 15?
14
Let p(x) = 34*x**2 + 2*x + 2. What is the remainder when p(-2) is divided by 46?
42
Let w = -7 - -12. Suppose -18 = 5*o + 2*d, -o + 3*d - 6 - 1 = 0. Let s = w - o. Calculate the remainder when 25 is divided by s.
7
Let q be ((-8)/(-4))/2 - 142. Let d = q - -209. Calculate the remainder when d is divided by 12.
8
Let h = -24 + 24. Let s(d) = 4*d - 6. Let n(r) = 5*r - 7. Let l(b) = 5*n(b) - 6*s(b). What is the remainder when l(h) is divided by 1?
0
What is the remainder when 3/((-12)/(-10))*738/45 is divided by (-24)/(-6) - (-2 + (-1 - -1))?
5
Suppose 5*d - 29 + 9 = 0. Suppose 0 = 4*z + x - 3*x + 36, -32 = d*z - 4*x. Let t = z - -13. What is the remainder when 9 is divided by t?
0
Let a = -31 + 327. Calculate the remainder when a is divided by 13.
10
Suppose -32*x + 496 + 208 = 0. What is the remainder when 64 is divided by x?
20
Let r be ((1*20)/(-2))/(-2). Let v = r + 1. Suppose -v*b + 5*b + 87 = 0. What is the remainder when b is divided by 22?
21
Let w(s) = 2*s**2 - 5*s. Let y(h) = h**2 + 5*h + 4. Let t be y(-4). Suppose t = 4*z - 4*j - 100, -14 = 4*j - 2. What is the remainder when z is divided by w(4)?
10
Let m(j) = j**3 - 11*j**2 + 6*j + 59. Calculate the remainder when 151 is divided by m(10).
18
Suppose -d + 0*x + 3*x - 12 = 0, 4*d + 3 = 3*x. Let o = 271 - 256. Calculate the remainder when (-6)/(-18) + 77/d is divided by o.
11
Let h be 4 + (-2)/2 + 4. Suppose -h*w = -59 - 123. What is the remainder when w is divided by 14?
12
Let d = 2773 - 2744. What is the remainder when 272 is divided by d?
11
Let q be (-2)/6 - 91/(-21). Let p be (54/8)/((-1)/q). Calculate the remainder when 91 is divided by 9/p*(-69 - 0).
22
Let q be -1 + 2 + (-2 - -1). What is the remainder when 58 is divided by q + 26 + (-4 - 1)?
16
Let j(y) = y + 1. Let i(q) = -q + 0*q + 4*q - 19*q**2 + 2*q + 2. Let t(p) = -i(p) + 3*j(p). Calculate the remainder when 69 is divided by t(1).
15
Calculate the remainder when 264 + -17 + (0 - 5) is divided by 61.
59
Let q = 221 - 212. Calculate the remainder when 157 is divided by q.
4
Suppose 5*z = 5*r + 165, -6*z + 7*z - 5*r - 13 = 0. What is the remainder when z is divided by 14?
10
Let s(x) = -7*x**2 + 8*x + 5. Let b(v) = 3*v**2 - 4*v - 2. Let q(o) = 5*b(o) + 2*s(o). Calculate the remainder when 59 is divided by q(6).
11
Suppose 2*n - 48 = -k, -3*n + k - 5*k + 82 = 0. Let l = -287 - -396. What is the remainder when l is divided by n?
21
Suppose -3*c + 306 = -2*m, 0 = -19*m + 23*m. Calculate the remainder when 325 is divided by c.
19
Suppose 0 = 2*f + 3*f - h - 146, 2*f + 2*h - 56 = 0. What is the remainder when (4 + 3/3)*(-5 - -28) is divided by f?
28
Calculate the remainder when 78 is divided by (-3 + (-15)/(-6))/(1/(-32)).
14
What is the remainder when 79 is divided by 9 + 3 + 4/2?
9
Suppose 341*m - 387*m + 5106 = 0. Suppose w - 64 = -2*i - 2*i, 5*w = 2*i + 276. Calculate the remainder when m is divided by w.
55
Let a = -545 - -568. What is the remainder when 36 is divided by a?
13
Let v = -11 + 34. Let a = -147 + 213. Calculate the remainder when a is divided by v.
20
Suppose v = -0*v. Let q = 2 + v. What is the remainder when q/(-5) + 216/40 is divided by 3?
2
Let p(q) = 30*q + 4. Let z be p(3). Suppose 22 = -v + z. What is the remainder when v is divided by 15?
12
Suppose 6*c = 5*c + 4*z + 34, -37 = -c + 5*z. What is the remainder when 86 is divided by c?
20
What is the remainder when (318/2 - 1) + 92/23 is divided by 85?
77
Suppose -38*k + 99*k - 1586 = 0. Suppose 4*u - 12 - 44 = 0. Calculate the remainder when k is divided by u.
12
Suppose -162 = -3*a + 5*d, -5*a + d - 5*d = -270. Suppose 4*g - 24 = 2*o, -5*o - 19 + 63 = 3*g. What is the remainder when a is divided by g?
6
Suppose -1 = -i + 4, 2*i = -u + 33. Suppose 2*c = u + 37. What is the remainder when 33/(-9)*(-25 + 1) is divided by c?
28
Suppose -i = 4*i - 70. Let h(b) = -b**3 - 3*b**2 + 9*b - 8. What is the remainder when h(-7) is divided by i?
13
Suppose -o - b = 1, -5*b - 4 = -4*o - b. Suppose o*k = 4*j - 4*k - 224, 0 = 3*j - k - 170. Suppose j = 2*p + p. Calculate the remainder when 73 is divided by p.
16
Suppose 0 = -3*r + 4*b + 22, 5*r + 7 - 51 = 3*b. Suppose -4*i + 2*l = l - 111, -4*i = -3*l - 117. What is the remainder when i is divided by r?
7
Let b(d) = 15*d - 37. What is the remainder when 114 is divided by b(4)?
22
Let z be ((-96)/112)/(6/(-28)). Suppose -18 - 2 = -z*h. What is the remainder when 18 is divided by h?
3
Let o = -1 + 0. Let b be 4 + 1 - (0 - o). Suppose -b*s + 120 = 4*l, 0*s + 57 = 2*l + s. Calculate the remainder when 53 is divided by l.
26
Let x = 318 - 190. Suppose 2*k - 4*p = -p + x, -108 = -2*k - 2*p. Suppose 2*h + 30 = 4*h. Calculate the remainder when k is divided by h.
13
Suppose -3*y - 16 = -40. Let l(d) be the third derivative of 7*d**4/24 - 3*d**3/2 - 2*d**2. What is the remainder when l(y) is divided by 10?
7
Calculate the remainder when 0 + 131 - -1*3 is divided by 30 + ((-78)/(-13) - (1 - -1)).
32
Suppose 6*k - 5*q = 3*k + 234, -3*k - 3*q + 234 = 0. Let m(o) = o**3 - 11*o**2 - 10*o + 17. Calculate the remainder when k is divided by m(12).
37
Suppose 5*i - 6 = 2*i, 50 = 4*z + i. Let y be (-3)/(-12) + 9/z. What is the remainder when y/(104/(-106) - -1) is divided by 18?
17
Calculate the remainder when (-5)/(3*2/(-102)) is divided by 43.
42
What is the remainder when 478 is divided by (-426)/(-10) - 174/290?
16
Suppose 6*h - 3*h + 87 = 4*l, -h + 67 = 4*l. Let x = -5 + 4. Calculate the remainder when (-10)/(((-3)/(-15))/x) is divided by l.
14
Suppose -2 = k - 5*k + 2*h, 2*h - 4 = 2*k. Suppose 2*n + 5*i - 124 = 0, 4*n - k*i = -8*i + 248. What is the remainder when n is divided by 7?
6
Suppose 0 = i + 4*c - 53, 3*i - 4*c = 12 + 99. Calculate the remainder when 103 is divided by i.
21
Suppose 5*b = -w + 29, -5*b = -5*w + 46 + 69. Let m = 62 + 31. Calculate the remainder when m is divided by w.
21
Let r = -24 - -29. Calculate the remainder when (-35)/r*(-13 + -3) is divided by 19.
17
Suppose -6*z + 74 = -2*z + 2*x, z - 4*x = 41. Suppose 4*l = 8*l - 156. What is the remainder when l is divided by z?
18
Let l(o) = 2*o - 16. Let h be l(8). Suppose 0 = -h*c - 2*c + 76. Calculate the remainder when c is divided by 10.
8
Suppose -78*i + 1 = -77*i. Let l(y) = -y**3 - 7*y**2 - 6*y + 3. Let d be l(-6). Suppose 4*c = c + d. Calculate the remainder when i is divided by c.
0
Suppose 0 = -21*k - k + 220. What is the remainder when 38 is divided by k?
8
Let w(m) = 3*m + 4*m - 13 - 4*m - 2*m. Let t be w(13). Suppose t*o + 128 = 4*o. What is the remainder when o is divided by 17?
15
Suppose 4*q = 3*q + 4, -4*h - 5*q = -468. Calculate the remainder when h is divided by 59.
53
Let v(x) = 4*x**2 + 3*x + 4. Let w(f) = f**2 + 5*f + 11. Let s be w(-11). Suppose 52*d - 45*d - s = 0. What is the remainder when v(-3) is divided by d?
9
Suppose -52*n = 8*n - 420. Calculate the remainder when 60 is divided by n.
4
Let v be (-1 - 2/10)/(1/(-100)). Suppose 6*x = 378 - v. What is the remainder when x is divided by 22?
21
Let n be 4 - (-57)/(-15) - (-92)/(-10). What is the remainder when 42 is divided by n/12 + 1 - (-35)/4?
6
Let o = 35 + -32. Suppose 0*c - 2*t + 45 = o*c, 15 = c - 4*t. What is the remainder when 29 is divided by c?
14
Let f(q) = q**2 - 10*q - 5. Let s be f(8). Let t be 153/s + (-4)/(-14). Let b(i) = -i + 3. What is the remainder when 37 is divided by b(t)?
7
Suppose 4*b = b + 789. Calculate the remainder when b is divided by 38.
35
Let d = 17 - 21. Calculate the remainder when (-8)/36 - 958/(-18) is divided by (-9 - d)*36/(-10).
17
Suppose -4 = o - 2*g, 0 = 5*o + 2*g - g - 2. Suppose o = z + h - 55, -5*z - 2*h + 230 = -30. What is the remainder when z is divided by 26?
24
Suppose -s + 3*n = -98, 1 = 2*s + 4*n - 165. Calculate the remainder when s is divided by 15.
14
Calculate the remainder when 127 is divided by (-6)/(-81) + 1778/54.
28
Let a(b) = 17*b - 55. Let u(c) = 34*c - 111. Let i(l) = -7*a(l) + 3*u(l). What is the remainder when i(-8) is divided by 21?
20
Let g(y) = 9 - 15*y - 14 + 8. Calculate the r